ue
Is 644 a factor of 2779504?
True
Is 44 a factor of 258500?
True
Does 12 divide 3150912?
True
Is 52456 a multiple of 23?
False
Is 401692 a multiple of 431?
True
Is 174 a factor of 824497?
False
Is 5 a factor of 763331?
False
Does 22 divide 8524428?
True
Is 23 a factor of 27705?
False
Is 491 a factor of 105119?
False
Is 5 a factor of 52520?
True
Is 101 a factor of 1798305?
True
Does 126 divide 110628?
True
Does 44 divide 743480?
False
Is 1591926 a multiple of 372?
False
Is 275868 a multiple of 3?
True
Does 6 divide 600636?
True
Is 272340 a multiple of 8?
False
Does 42 divide 3757110?
True
Is 15 a factor of 62505?
True
Is 725923 a multiple of 33?
False
Is 137016 a multiple of 59?
False
Is 321 a factor of 5133432?
True
Does 34 divide 4485926?
True
Is 257 a factor of 93928?
False
Is 409024 a multiple of 44?
True
Is 525 a factor of 4415250?
True
Does 106 divide 32236?
False
Is 954832 a multiple of 8?
True
Does 11 divide 446065?
False
Is 157 a factor of 147894?
True
Is 206 a factor of 1022806?
False
Is 37973 a multiple of 4?
False
Does 37 divide 590742?
True
Is 12 a factor of 2539764?
True
Does 157 divide 296184?
False
Does 1255 divide 1739626?
False
Is 385 a factor of 354585?
True
Is 3545914 a multiple of 51?
False
Is 12 a factor of 10063?
False
Is 21 a factor of 633108?
True
Is 3398477 a multiple of 717?
False
Is 104 a factor of 160087?
False
Does 39 divide 1601028?
True
Is 698814 a multiple of 27?
True
Is 196 a factor of 422576?
True
Is 39 a factor of 23901?
False
Does 18 divide 244258?
False
Does 10 divide 5099980?
True
Is 366 a factor of 1736304?
True
Is 22 a factor of 178991?
False
Is 52362 a multiple of 101?
False
Is 375 a factor of 4975135?
False
Is 1590383 a multiple of 49?
False
Does 36 divide 207792?
True
Does 217 divide 186346?
False
Does 61 divide 405894?
True
Is 25 a factor of 3608200?
True
Is 20513880 a multiple of 20?
True
Is 184888 a multiple of 11?
True
Is 244109 a multiple of 87?
False
Is 3767493 a multiple of 9?
False
Is 309 a factor of 33681?
True
Is 725612 a multiple of 122?
False
Is 1469370 a multiple of 42?
True
Is 83 a factor of 438406?
True
Does 47 divide 5627824?
False
Is 1451834 a multiple of 39?
False
Is 14 a factor of 5431995?
False
Is 3 a factor of 100640?
False
Does 163 divide 252904?
False
Is 96 a factor of 300576?
True
Is 2236249 a multiple of 36?
False
Does 2 divide 6258?
True
Is 226 a factor of 1970904?
False
Does 208 divide 127712?
True
Is 1493734 a multiple of 72?
False
Does 14 divide 115066?
True
Does 18 divide 638352?
True
Does 8 divide 25728?
True
Is 27561 a multiple of 15?
False
Is 4 a factor of 32417?
False
Is 13433521 a multiple of 14?
False
Does 160 divide 54240?
True
Does 5 divide 466835?
True
Is 227632 a multiple of 46?
False
Does 43 divide 3686734?
True
Is 89 a factor of 777949?
True
Is 25730 a multiple of 5?
True
Is 81 a factor of 4807512?
True
Is 1034 a factor of 8730062?
True
Does 66 divide 643535?
False
Is 977769 a multiple of 17?
False
Is 489181 a multiple of 16?
False
Does 777 divide 1559439?
True
Does 388 divide 166831?
False
Is 323 a multiple of 17?
True
Does 10 divide 10024362?
False
Does 26 divide 1028527?
False
Does 7 divide 600761?
True
Is 3098766 a multiple of 75?
False
Is 5949986 a multiple of 7?
True
Is 1172006 a multiple of 425?
False
Does 615 divide 714630?
True
Does 18 divide 61495?
False
Is 115 a factor of 319010?
True
Is 508948 a multiple of 12?
False
Does 15 divide 983970?
True
Does 301 divide 167958?
True
Does 458 divide 6012624?
True
Is 5016361 a multiple of 159?
False
Does 594 divide 7134955?
False
Is 9 a factor of 139554?
True
Is 26 a factor of 164060?
True
Is 152 a factor of 620616?
True
Is 24 a factor of 73662?
False
Is 9907110 a multiple of 375?
False
Does 24 divide 6382296?
True
Is 61 a factor of 96357?
False
Is 2491829 a multiple of 43?
False
Is 4589518 a multiple of 44?
False
Is 54 a factor of 32562?
True
Does 7 divide 3770540?
False
Is 20 a factor of 7719760?
True
Does 44 divide 1457425?
False
Is 1031 a multiple of 10?
False
Is 62 a factor of 615474?
True
Is 37 a factor of 452510?
True
Does 14 divide 1139726?
True
Is 216 a factor of 6972912?
True
Does 821 divide 821821?
True
Does 2 divide 33878?
True
Does 7 divide 10934?
True
Is 37479 a multiple of 39?
True
Is 54 a factor of 716972?
False
Is 147 a factor of 546252?
True
Is 153825 a multiple of 15?
True
Is 449 a factor of 332602?
False
Is 234928 a multiple of 262?
False
Does 18 divide 595008?
True
Is 80293 a multiple of 55?
False
Is 172787 a multiple of 50?
False
Is 3236364 a multiple of 13?
False
Is 315432 a multiple of 52?
True
Does 222 divide 126762?
True
Is 18 a factor of 9259380?
True
Is 54 a factor of 4021110?
True
Is 10546575 a multiple of 39?
True
Does 22 divide 14095790?
False
Does 80 divide 2153014?
False
Is 4502398 a multiple of 67?
False
Does 84 divide 676872?
True
Is 25 a factor of 54425?
True
Does 468 divide 1277172?
True
Is 81 a factor of 84726?
True
Is 6954213 a multiple of 372?
False
Does 20 divide 3503020?
True
Is 147665 a multiple of 5?
True
Does 8 divide 43355?
False
Is 2238770 a multiple of 33?
False
Is 5542017 a multiple of 13?
True
Is 10763100 a multiple of 6?
True
Is 818 a factor of 822649?
False
Does 1336 divide 10044280?
False
Is 31428720 a multiple of 180?
True
Is 31 a factor of 256428?
False
Is 404 a factor of 619332?
True
Is 18 a factor of 9826866?
True
Is 50 a factor of 68000?
True
Is 2178596 a multiple of 288?
False
Is 4 a factor of 915392?
True
Is 194 a factor of 188762?
True
Is 6497545 a multiple of 97?
True
Does 6 divide 52896?
True
Is 24512 a multiple of 32?
True
Does 1230 divide 14742780?
True
Does 324 divide 1397736?
True
Is 4803525 a multiple of 37?
True
Is 5589097 a multiple of 43?
True
Does 142 divide 104370?
True
Is 33 a factor of 168531?
True
Is 14274 a multiple of 37?
False
Is 1356678 a multiple of 207?
True
Does 312 divide 18624?
False
Does 6 divide 947622?
True
Is 27 a factor of 500384?
False
Is 1837395 a multiple of 285?
True
Is 22 a factor of 7632106?
False
Does 53 divide 2190596?
True
Does 42 divide 10580052?
True
Does 72 divide 646421?
False
Does 57 divide 174477?
True
Does 15 divide 15977?
False
Is 2236814 a multiple of 297?
False
Is 515395 a multiple of 25?
False
Is 1110689 a multiple of 666?
False
Is 183918 a multiple of 203?
True
Is 4 a factor of 224114?
False
Does 91 divide 439257?
True
Is 6585757 a multiple of 118?
False
Is 168584 a multiple of 26?
True
Is 127852 a multiple of 16?
False
Does 111 divide 26837?
False
Does 60 divide 1773360?
True
Is 242972 a multiple of 46?
True
Does 12 divide 485856?
True
Does 49 divide 1037813?
False
Is 24 a factor of 3535257?
False
Does 19 divide 94296?
False
Does 18 divide 62532?
True
Is 267 a factor of 1374212?
False
Does 26 divide 3212958?
False
Is 43264 a multiple of 8?
True
Does 2 divide 199382?
True
Is 1440553 a multiple of 157?
False
Is 33 a factor of 165316?
False
Is 130 a factor of 18885490?
True
Is 634455 a multiple of 613?
True
Is 81 a factor of 6237?
True
Does 3 divide 535070?
False
Is 22248 a multiple of 27?
True
Does 49 divide 250151?
False
Is 86041 a multiple of 4?
False
Is 59 a factor of 42126?
True
Does 74 divide 20046350?
False
Is 6 a factor of 44040?
True
Is 4 a factor of 414359?
False
Is 96 a factor of 136771?
False
Does 15 divide 16372395?
True
Does 7 divide 255882?
False
Does 617 divide 300479?
True
Does 13 divide 128693?
False
Is 1835 a factor of 16636968?
False
Does 211 divide 234321?
False
Is 268842 a multiple of 39?
False
Is 179 a factor of 46598?
False
Is 56 a factor of 26475?
False
Is 87 a factor of 916284?
True
Is 772464 a multiple of 616?
True
Is 203 a factor of 2671480?
True
Does 24 divide 2776224?
True
Does 53 divide 450977?
True
Is 14 a factor of 13762?
True
Does 18 divide 295232?
False
Does 4 divide 103070?
False
Does 678 divide 315504?
False
Is 9 a factor of 131929?
False
Is 221088 a multiple of 56?
True
Is 349 a factor of 242777?
False
Is 558 a factor of 286812?
True
Does 3 divide 138639?
True
Is 9954448 a multiple of 784?
True
Does 89 divide 7140950?
False
Is 175723 a multiple of 18?
False
Is 326 a factor of 2298912?
False
Is 25 a factor of 20878357?
False
Is 379 a factor of 391507?
True
Is 2346317 a multiple of 19?
False
Does 54 divide 364345?
False
Is 185881 a multiple of 3?
False
Is 36 a 